{"id":3972,"date":"2017-01-19T10:04:32","date_gmt":"2017-01-19T10:04:32","guid":{"rendered":"http:\/\/www.hotelpaseodegracia.es\/?page_id=3972"},"modified":"2018-07-05T10:12:43","modified_gmt":"2018-07-05T10:12:43","slug":"chambre-individuelle","status":"publish","type":"page","link":"https:\/\/www.hotelpaseodegracia.es\/fr\/chambres\/chambre-individuelle\/","title":{"rendered":"Chambre Individuelle"},"content":{"rendered":"<p>[vc_row][vc_column][vc_empty_space][\/vc_column][\/vc_row][vc_row parallax=\u00a0\u00bb\u00a0\u00bb parallax_image=\u00a0\u00bb\u00a0\u00bb][vc_column width=\u00a0\u00bb1\/2&Prime; column_align=\u00a0\u00bb\u00a0\u00bb column_style=\u00a0\u00bb\u00a0\u00bb animation=\u00a0\u00bb\u00a0\u00bb][vc_column_text css=\u00a0\u00bb.vc_custom_1484825147587{padding-bottom: 30px !important;}\u00a0\u00bb]<\/p>\n<h1>Chambre individuelle<\/h1>\n<p>Vous voyagez seul? Ne vous inqui\u00e9tez pas. Nous avons des chambres individuelles avec des tarifs sp\u00e9ciaux pour 1 personne. Logez-vous dans la zone la plus chic de Barcelone, dans une chambre pour vous tout seul, sans devoir d\u00e9bourser une fortune.[\/vc_column_text]<a target=\"_blank\" href=\"https:\/\/reservations.verticalbooking.com\/reservations\/index.html?lingua_int=fra&#038;id_stile=13265&#038;id_albergo=17502&#038;dc=4515\" class=\"ww-button sf-button medium black squarearrow  \"><span>R\u00e9servez maintenant votre chambre low cost!<\/span><span class=\"arrow\"><\/span><\/a>[\/vc_column][vc_column width=\u00a0\u00bb1\/2&Prime; column_align=\u00a0\u00bb\u00a0\u00bb column_style=\u00a0\u00bb\u00a0\u00bb animation=\u00a0\u00bb\u00a0\u00bb][vc_column_text]<\/p>\n<h2>Services<\/h2>\n<ul>\n<li>Salle de bains compl\u00e8te priv\u00e9e<\/li>\n<li>Serviettes et draps inclus<\/li>\n<li>Packs produits de bains inclus<\/li>\n<li>Service de nettoyage journalier<\/li>\n<li>Chauffage et air conditionn\u00e9<\/li>\n<li>T\u00e9l\u00e9phone direct<\/li>\n<li>T\u00e9l\u00e9vision \u00e9cran plat<\/li>\n<\/ul>\n<p>[\/vc_column_text][\/vc_column][\/vc_row][vc_row parallax=\u00a0\u00bb\u00a0\u00bb parallax_image=\u00a0\u00bb\u00a0\u00bb][vc_column column_align=\u00a0\u00bb\u00a0\u00bb column_style=\u00a0\u00bb\u00a0\u00bb animation=\u00a0\u00bb\u00a0\u00bb][vc_empty_space height=\u00a0\u00bb25px\u00a0\u00bb][vc_text_separator title=\u00a0\u00bbPhotos des Chambres Individuelles\u00a0\u00bb color=\u00a0\u00bbblack\u00a0\u00bb el_class=\u00a0\u00bbh4&Prime;][vc_empty_space height=\u00a0\u00bb25px\u00a0\u00bb][\/vc_column][\/vc_row][vc_row type=\u00a0\u00bbww-custom\u00a0\u00bb background_color=\u00a0\u00bb#000000&Prime; padding_top=\u00a0\u00bb20&Prime; padding_bottom=\u00a0\u00bb20&Prime;][vc_column column_align=\u00a0\u00bb\u00a0\u00bb column_style=\u00a0\u00bb\u00a0\u00bb animation=\u00a0\u00bb\u00a0\u00bb][vc_images_carousel images=\u00a0\u00bb3157&Prime; img_size=\u00a0\u00bb1400&Prime; slides_per_view=\u00a0\u00bb3&Prime; hide_pagination_control=\u00a0\u00bbyes\u00a0\u00bb wrap=\u00a0\u00bbyes\u00a0\u00bb][\/vc_column][\/vc_row][vc_row][vc_column][vc_empty_space][\/vc_column][\/vc_row]<\/p>\n","protected":false},"excerpt":{"rendered":"<p>[vc_row][vc_column][vc_empty_space][\/vc_column][\/vc_row][vc_row parallax=\u00a0\u00bb\u00a0\u00bb parallax_image=\u00a0\u00bb\u00a0\u00bb][vc_column width=\u00a0\u00bb1\/2&Prime; column_align=\u00a0\u00bb\u00a0\u00bb column_style=\u00a0\u00bb\u00a0\u00bb animation=\u00a0\u00bb\u00a0\u00bb][vc_column_text css=\u00a0\u00bb.vc_custom_1484825147587{padding-bottom: 30px !important;}\u00a0\u00bb] Chambre individuelle Vous voyagez seul? Ne vous inqui\u00e9tez pas. Nous avons des chambres individuelles avec des tarifs sp\u00e9ciaux pour 1 personne. Logez-vous dans la zone la plus chic de Barcelone, dans une chambre pour vous tout seul, sans devoir d\u00e9bourser une fortune.[\/vc_column_text][\/vc_column][vc_column width=\u00a0\u00bb1\/2&Prime; column_align=\u00a0\u00bb\u00a0\u00bb column_style=\u00a0\u00bb\u00a0\u00bb [&hellip;]<\/p>\n","protected":false},"author":1,"featured_media":0,"parent":3967,"menu_order":0,"comment_status":"closed","ping_status":"closed","template":"","meta":[],"_links":{"self":[{"href":"https:\/\/www.hotelpaseodegracia.es\/fr\/wp-json\/wp\/v2\/pages\/3972"}],"collection":[{"href":"https:\/\/www.hotelpaseodegracia.es\/fr\/wp-json\/wp\/v2\/pages"}],"about":[{"href":"https:\/\/www.hotelpaseodegracia.es\/fr\/wp-json\/wp\/v2\/types\/page"}],"author":[{"embeddable":true,"href":"https:\/\/www.hotelpaseodegracia.es\/fr\/wp-json\/wp\/v2\/users\/1"}],"replies":[{"embeddable":true,"href":"https:\/\/www.hotelpaseodegracia.es\/fr\/wp-json\/wp\/v2\/comments?post=3972"}],"version-history":[{"count":5,"href":"https:\/\/www.hotelpaseodegracia.es\/fr\/wp-json\/wp\/v2\/pages\/3972\/revisions"}],"predecessor-version":[{"id":4698,"href":"https:\/\/www.hotelpaseodegracia.es\/fr\/wp-json\/wp\/v2\/pages\/3972\/revisions\/4698"}],"up":[{"embeddable":true,"href":"https:\/\/www.hotelpaseodegracia.es\/fr\/wp-json\/wp\/v2\/pages\/3967"}],"wp:attachment":[{"href":"https:\/\/www.hotelpaseodegracia.es\/fr\/wp-json\/wp\/v2\/media?parent=3972"}],"curies":[{"name":"wp","href":"https:\/\/api.w.org\/{rel}","templated":true}]}}

<p>[vc_row][vc_column][vc_empty_space][/vc_column][/vc_row][vc_row parallax= » » parallax_image= » »][vc_column width= »1/2&Prime; column_align= » » column_style= » » animation= » »][vc_column_text css= ».vc_custom_1484825147587{padding-bottom: 30px !important;} »]</p>
<h1>Chambre individuelle</h1>
<p>Vous voyagez seul? Ne vous inquiétez pas. Nous avons des chambres individuelles avec des tarifs spéciaux pour 1 personne. Logez-vous dans la zone la plus chic de Barcelone, dans une chambre pour vous tout seul, sans devoir débourser une fortune.[/vc_column_text]<a target="_blank" href="https://reservations.verticalbooking.com/reservations/index.html?lingua_int=fra&#038;id_stile=13265&#038;id_albergo=17502&#038;dc=4515" class="ww-button sf-button medium black squarearrow  "><span>Réservez maintenant votre chambre low cost!</span><span class="arrow"></span></a>[/vc_column][vc_column width= »1/2&Prime; column_align= » » column_style= » » animation= » »][vc_column_text]</p>
<h2>Services</h2>
<ul>
<li>Salle de bains complète privée</li>
<li>Serviettes et draps inclus</li>
<li>Packs produits de bains inclus</li>
<li>Service de nettoyage journalier</li>
<li>Chauffage et air conditionné</li>
<li>Téléphone direct</li>
<li>Télévision écran plat</li>
</ul>
<p>[/vc_column_text][/vc_column][/vc_row][vc_row parallax= » » parallax_image= » »][vc_column column_align= » » column_style= » » animation= » »][vc_empty_space height= »25px »][vc_text_separator title= »Photos des Chambres Individuelles » color= »black » el_class= »h4&Prime;][vc_empty_space height= »25px »][/vc_column][/vc_row][vc_row type= »ww-custom » background_color= »#000000&Prime; padding_top= »20&Prime; padding_bottom= »20&Prime;][vc_column column_align= » » column_style= » » animation= » »][vc_images_carousel images= »3157&Prime; img_size= »1400&Prime; slides_per_view= »3&Prime; hide_pagination_control= »yes » wrap= »yes »][/vc_column][/vc_row][vc_row][vc_column][vc_empty_space][/vc_column][/vc_row]</p>

<p>[vc_row][vc_column][vc_empty_space][/vc_column][/vc_row][vc_row parallax= » » parallax_image= » »][vc_column width= »1/2&Prime; column_align= » » column_style= » » animation= » »][vc_column_text css= ».vc_custom_1484825147587{padding-bottom: 30px !important;} »] Chambre individuelle Vous voyagez seul? Ne vous inquiétez pas. Nous avons des chambres individuelles avec des tarifs spéciaux pour 1 personne. Logez-vous dans la zone la plus chic de Barcelone, dans une chambre pour vous tout seul, sans devoir débourser une fortune.[/vc_column_text][/vc_column][vc_column width= »1/2&Prime; column_align= » » column_style= » » [&hellip;]</p>
