{"id":3525,"date":"2016-06-27T12:32:43","date_gmt":"2016-06-27T12:32:43","guid":{"rendered":"http:\/\/www.hotelpaseodegracia.es\/?page_id=3525"},"modified":"2022-10-06T09:58:10","modified_gmt":"2022-10-06T09:58:10","slug":"ofertes","status":"publish","type":"page","link":"https:\/\/www.hotelpaseodegracia.es\/ca\/ofertes\/","title":{"rendered":"Ofertes"},"content":{"rendered":"<p>[vc_row parallax=&#8221;&#8221; parallax_image=&#8221;&#8221;][vc_column column_align=&#8221;&#8221; column_style=&#8221;&#8221; animation=&#8221;&#8221;][vc_empty_space][vc_column_text]<\/p>\n<h1><strong>Ofertes<\/strong><\/h1>\n<p>[\/vc_column_text][vc_empty_space][vc_separator color=&#8221;black&#8221; style=&#8221;dotted&#8221;][vc_empty_space][\/vc_column][\/vc_row][vc_row][vc_column width=&#8221;1\/3&#8243;][vc_single_image image=&#8221;7441&#8243; img_size=&#8221;175&#215;120&#8243; alignment=&#8221;center&#8221; css=&#8221;.vc_custom_1665049104015{margin-right: 10px !important;margin-bottom: 10px !important;margin-left: 10px !important;}&#8221;][vc_empty_space height=&#8221;10px&#8221;][vc_column_text]<\/p>\n<h2 style=\"text-align: center;\"><span style=\"color: #efb634;\">Reserva anticipada Early Bird<\/span><\/h2>\n<p>[\/vc_column_text][vc_empty_space height=&#8221;15px&#8221;][vc_column_text]<\/p>\n<h4 style=\"text-align: center;\"><span class=\"VIiyi\" lang=\"ca\"><span class=\"JLqJ4b ChMk0b\" data-language-for-alternatives=\"ca\" data-language-to-translate-into=\"es\" data-phrase-index=\"0\" data-number-of-phrases=\"4\">Planificar amb antelaci\u00f3 t\u00e9 avantatges!<\/span> <span class=\"JLqJ4b ChMk0b\" data-language-for-alternatives=\"ca\" data-language-to-translate-into=\"es\" data-phrase-index=\"1\" data-number-of-phrases=\"4\">Reserveu amb un m\u00ednim de 30 dies d&#8217;antelaci\u00f3 i podreu optar a un 5% de descompte<\/span><\/span>.<\/h4>\n<p style=\"text-align: center;\"><span class=\"VIiyi\" lang=\"ca\"><span class=\"JLqJ4b ChMk0b\" data-language-for-alternatives=\"ca\" data-language-to-translate-into=\"es\" data-phrase-index=\"3\" data-number-of-phrases=\"4\">Durant la pand\u00e8mia per Covid-19, aquesta tarifa et permetr\u00e0 cancel\u00b7lar fins a 48 hores abans de l&#8217;arribada.<\/span><\/span><\/p>\n<p>[\/vc_column_text][\/vc_column][vc_column width=&#8221;1\/3&#8243;][vc_single_image image=&#8221;7456&#8243; img_size=&#8221;175&#215;120&#8243; alignment=&#8221;center&#8221; css=&#8221;.vc_custom_1665049046871{margin-right: 10px !important;margin-bottom: 10px !important;margin-left: 10px !important;}&#8221;][vc_empty_space height=&#8221;10px&#8221;][vc_column_text]<\/p>\n<h2 style=\"text-align: center;\"><span class=\"VIiyi\" lang=\"ca\" style=\"color: #efb634;\"><span class=\"JLqJ4b ChMk0b\" data-language-for-alternatives=\"ca\" data-language-to-translate-into=\"es\" data-phrase-index=\"0\" data-number-of-phrases=\"1\">Descompte per a +60 anys<\/span><\/span><\/h2>\n<p>[\/vc_column_text][vc_empty_space height=&#8221;15px&#8221;][vc_column_text]<\/p>\n<h4 style=\"text-align: center;\"><span class=\"VIiyi\" lang=\"ca\"><span class=\"JLqJ4b ChMk0b\" data-language-for-alternatives=\"ca\" data-language-to-translate-into=\"es\" data-phrase-index=\"0\" data-number-of-phrases=\"5\">Si ja heu complert els 60, aprofiteu aquesta oferta que combina un descompte del 10% amb la flexibilitat de poder cancel\u00b7lar fins a 48 hores abans del dia d&#8217;arribada.*<\/span><\/span><\/h4>\n<p style=\"text-align: center;\"><span class=\"VIiyi\" lang=\"ca\"><span class=\"JLqJ4b ChMk0b\" data-language-for-alternatives=\"ca\" data-language-to-translate-into=\"es\" data-phrase-index=\"2\" data-number-of-phrases=\"5\">\u00c9s imprescindible que el titular de la reserva sigui la mateixa persona que s&#8217;hi allotjar\u00e0 i tingui 60 anys o m\u00e9s.<\/span><\/span><\/p>\n<p style=\"text-align: center;\"><span class=\"VIiyi\" lang=\"ca\"><span class=\"JLqJ4b ChMk0b\" data-language-for-alternatives=\"ca\" data-language-to-translate-into=\"es\" data-phrase-index=\"4\" data-number-of-phrases=\"5\">*Oferta no acumulable a altres descomptes i\/o promocions.<\/span><\/span><\/p>\n<p>[\/vc_column_text][\/vc_column][vc_column width=&#8221;1\/3&#8243;][vc_single_image image=&#8221;7464&#8243; img_size=&#8221;175&#215;120&#8243; alignment=&#8221;center&#8221; css=&#8221;.vc_custom_1665049015362{margin-right: 10px !important;margin-bottom: 10px !important;margin-left: 10px !important;}&#8221;][vc_empty_space height=&#8221;10px&#8221;][vc_column_text]<\/p>\n<h2 style=\"text-align: center;\"><span class=\"VIiyi\" lang=\"ca\" style=\"color: #efb634;\"><span class=\"JLqJ4b ChMk0b\" data-language-for-alternatives=\"ca\" data-language-to-translate-into=\"es\" data-phrase-index=\"0\" data-number-of-phrases=\"1\">10% descompte &#8211; Tarifa No Reemborsable<\/span><\/span><\/h2>\n<p>[\/vc_column_text][vc_empty_space height=&#8221;15px&#8221;][vc_column_text]<\/p>\n<h4 style=\"text-align: center;\"><span class=\"VIiyi\" lang=\"ca\"><span class=\"JLqJ4b ChMk0b\" data-language-for-alternatives=\"ca\" data-language-to-translate-into=\"es\" data-phrase-index=\"0\" data-number-of-phrases=\"6\">Aconsegueix un 10% de descompte en reservar amb aquesta tarifa!<\/span> <\/span><\/h4>\n<p style=\"text-align: center;\"><span class=\"VIiyi\" lang=\"ca\"><span class=\"JLqJ4b ChMk0b\" data-language-for-alternatives=\"ca\" data-language-to-translate-into=\"es\" data-phrase-index=\"2\" data-number-of-phrases=\"6\">Compte, aquesta RESERVA NO \u00c9S REEMBORSABLE.<\/span> <span class=\"JLqJ4b ChMk0b\" data-language-for-alternatives=\"ca\" data-language-to-translate-into=\"es\" data-phrase-index=\"3\" data-number-of-phrases=\"6\">L&#8217;import es cobrar\u00e0 en el moment de la reserva i no ser\u00e0 retornat en cas de cancel\u00b7laci\u00f3 o de no presentar-se.<\/span><\/span><\/p>\n<p style=\"text-align: center;\">*Oferta no acumulable a altres descomptes i\/o promocions.<\/p>\n<p>[\/vc_column_text][\/vc_column][\/vc_row][vc_row][vc_column][vc_empty_space height=&#8221;25px&#8221;][vc_btn title=&#8221;Aprofita i reserva ara!&#8221; color=&#8221;black&#8221; size=&#8221;lg&#8221; align=&#8221;center&#8221; button_block=&#8221;true&#8221; link=&#8221;url:https%3A%2F%2Freservations.verticalbooking.com%2Freservations%2Findex.html%3Flingua_int%3Desp%26id_stile%3D13265%26id_albergo%3D17502%26dc%3D4515|target:_blank&#8221;][\/vc_column][\/vc_row]<\/p>\n","protected":false},"excerpt":{"rendered":"<p>[vc_row parallax=&#8221;&#8221; parallax_image=&#8221;&#8221;][vc_column column_align=&#8221;&#8221; column_style=&#8221;&#8221; animation=&#8221;&#8221;][vc_empty_space][vc_column_text] Ofertes [\/vc_column_text][vc_empty_space][vc_separator color=&#8221;black&#8221; style=&#8221;dotted&#8221;][vc_empty_space][\/vc_column][\/vc_row][vc_row][vc_column width=&#8221;1\/3&#8243;][vc_single_image image=&#8221;7441&#8243; img_size=&#8221;175&#215;120&#8243; alignment=&#8221;center&#8221; css=&#8221;.vc_custom_1665049104015{margin-right: 10px !important;margin-bottom: 10px !important;margin-left: 10px !important;}&#8221;][vc_empty_space height=&#8221;10px&#8221;][vc_column_text] Reserva anticipada Early Bird [\/vc_column_text][vc_empty_space height=&#8221;15px&#8221;][vc_column_text] Planificar amb antelaci\u00f3 t\u00e9 avantatges! Reserveu amb un m\u00ednim de 30 dies d&#8217;antelaci\u00f3 i podreu optar a un 5% de descompte. Durant la pand\u00e8mia per Covid-19, aquesta [&hellip;]<\/p>\n","protected":false},"author":1,"featured_media":0,"parent":0,"menu_order":0,"comment_status":"closed","ping_status":"closed","template":"","meta":[],"_links":{"self":[{"href":"https:\/\/www.hotelpaseodegracia.es\/ca\/wp-json\/wp\/v2\/pages\/3525"}],"collection":[{"href":"https:\/\/www.hotelpaseodegracia.es\/ca\/wp-json\/wp\/v2\/pages"}],"about":[{"href":"https:\/\/www.hotelpaseodegracia.es\/ca\/wp-json\/wp\/v2\/types\/page"}],"author":[{"embeddable":true,"href":"https:\/\/www.hotelpaseodegracia.es\/ca\/wp-json\/wp\/v2\/users\/1"}],"replies":[{"embeddable":true,"href":"https:\/\/www.hotelpaseodegracia.es\/ca\/wp-json\/wp\/v2\/comments?post=3525"}],"version-history":[{"count":16,"href":"https:\/\/www.hotelpaseodegracia.es\/ca\/wp-json\/wp\/v2\/pages\/3525\/revisions"}],"predecessor-version":[{"id":7636,"href":"https:\/\/www.hotelpaseodegracia.es\/ca\/wp-json\/wp\/v2\/pages\/3525\/revisions\/7636"}],"wp:attachment":[{"href":"https:\/\/www.hotelpaseodegracia.es\/ca\/wp-json\/wp\/v2\/media?parent=3525"}],"curies":[{"name":"wp","href":"https:\/\/api.w.org\/{rel}","templated":true}]}}

<p>[vc_row parallax=&#8221;&#8221; parallax_image=&#8221;&#8221;][vc_column column_align=&#8221;&#8221; column_style=&#8221;&#8221; animation=&#8221;&#8221;][vc_empty_space][vc_column_text]</p>
<h1><strong>Ofertes</strong></h1>
<p>[/vc_column_text][vc_empty_space][vc_separator color=&#8221;black&#8221; style=&#8221;dotted&#8221;][vc_empty_space][/vc_column][/vc_row][vc_row][vc_column width=&#8221;1/3&#8243;][vc_single_image image=&#8221;7441&#8243; img_size=&#8221;175&#215;120&#8243; alignment=&#8221;center&#8221; css=&#8221;.vc_custom_1665049104015{margin-right: 10px !important;margin-bottom: 10px !important;margin-left: 10px !important;}&#8221;][vc_empty_space height=&#8221;10px&#8221;][vc_column_text]</p>
<h2 style="text-align: center;"><span style="color: #efb634;">Reserva anticipada Early Bird</span></h2>
<p>[/vc_column_text][vc_empty_space height=&#8221;15px&#8221;][vc_column_text]</p>
<h4 style="text-align: center;"><span class="VIiyi" lang="ca"><span class="JLqJ4b ChMk0b" data-language-for-alternatives="ca" data-language-to-translate-into="es" data-phrase-index="0" data-number-of-phrases="4">Planificar amb antelació té avantatges!</span> <span class="JLqJ4b ChMk0b" data-language-for-alternatives="ca" data-language-to-translate-into="es" data-phrase-index="1" data-number-of-phrases="4">Reserveu amb un mínim de 30 dies d&#8217;antelació i podreu optar a un 5% de descompte</span></span>.</h4>
<p style="text-align: center;"><span class="VIiyi" lang="ca"><span class="JLqJ4b ChMk0b" data-language-for-alternatives="ca" data-language-to-translate-into="es" data-phrase-index="3" data-number-of-phrases="4">Durant la pandèmia per Covid-19, aquesta tarifa et permetrà cancel·lar fins a 48 hores abans de l&#8217;arribada.</span></span></p>
<p>[/vc_column_text][/vc_column][vc_column width=&#8221;1/3&#8243;][vc_single_image image=&#8221;7456&#8243; img_size=&#8221;175&#215;120&#8243; alignment=&#8221;center&#8221; css=&#8221;.vc_custom_1665049046871{margin-right: 10px !important;margin-bottom: 10px !important;margin-left: 10px !important;}&#8221;][vc_empty_space height=&#8221;10px&#8221;][vc_column_text]</p>
<h2 style="text-align: center;"><span class="VIiyi" lang="ca" style="color: #efb634;"><span class="JLqJ4b ChMk0b" data-language-for-alternatives="ca" data-language-to-translate-into="es" data-phrase-index="0" data-number-of-phrases="1">Descompte per a +60 anys</span></span></h2>
<p>[/vc_column_text][vc_empty_space height=&#8221;15px&#8221;][vc_column_text]</p>
<h4 style="text-align: center;"><span class="VIiyi" lang="ca"><span class="JLqJ4b ChMk0b" data-language-for-alternatives="ca" data-language-to-translate-into="es" data-phrase-index="0" data-number-of-phrases="5">Si ja heu complert els 60, aprofiteu aquesta oferta que combina un descompte del 10% amb la flexibilitat de poder cancel·lar fins a 48 hores abans del dia d&#8217;arribada.*</span></span></h4>
<p style="text-align: center;"><span class="VIiyi" lang="ca"><span class="JLqJ4b ChMk0b" data-language-for-alternatives="ca" data-language-to-translate-into="es" data-phrase-index="2" data-number-of-phrases="5">És imprescindible que el titular de la reserva sigui la mateixa persona que s&#8217;hi allotjarà i tingui 60 anys o més.</span></span></p>
<p style="text-align: center;"><span class="VIiyi" lang="ca"><span class="JLqJ4b ChMk0b" data-language-for-alternatives="ca" data-language-to-translate-into="es" data-phrase-index="4" data-number-of-phrases="5">*Oferta no acumulable a altres descomptes i/o promocions.</span></span></p>
<p>[/vc_column_text][/vc_column][vc_column width=&#8221;1/3&#8243;][vc_single_image image=&#8221;7464&#8243; img_size=&#8221;175&#215;120&#8243; alignment=&#8221;center&#8221; css=&#8221;.vc_custom_1665049015362{margin-right: 10px !important;margin-bottom: 10px !important;margin-left: 10px !important;}&#8221;][vc_empty_space height=&#8221;10px&#8221;][vc_column_text]</p>
<h2 style="text-align: center;"><span class="VIiyi" lang="ca" style="color: #efb634;"><span class="JLqJ4b ChMk0b" data-language-for-alternatives="ca" data-language-to-translate-into="es" data-phrase-index="0" data-number-of-phrases="1">10% descompte &#8211; Tarifa No Reemborsable</span></span></h2>
<p>[/vc_column_text][vc_empty_space height=&#8221;15px&#8221;][vc_column_text]</p>
<h4 style="text-align: center;"><span class="VIiyi" lang="ca"><span class="JLqJ4b ChMk0b" data-language-for-alternatives="ca" data-language-to-translate-into="es" data-phrase-index="0" data-number-of-phrases="6">Aconsegueix un 10% de descompte en reservar amb aquesta tarifa!</span> </span></h4>
<p style="text-align: center;"><span class="VIiyi" lang="ca"><span class="JLqJ4b ChMk0b" data-language-for-alternatives="ca" data-language-to-translate-into="es" data-phrase-index="2" data-number-of-phrases="6">Compte, aquesta RESERVA NO ÉS REEMBORSABLE.</span> <span class="JLqJ4b ChMk0b" data-language-for-alternatives="ca" data-language-to-translate-into="es" data-phrase-index="3" data-number-of-phrases="6">L&#8217;import es cobrarà en el moment de la reserva i no serà retornat en cas de cancel·lació o de no presentar-se.</span></span></p>
<p style="text-align: center;">*Oferta no acumulable a altres descomptes i/o promocions.</p>
<p>[/vc_column_text][/vc_column][/vc_row][vc_row][vc_column][vc_empty_space height=&#8221;25px&#8221;][vc_btn title=&#8221;Aprofita i reserva ara!&#8221; color=&#8221;black&#8221; size=&#8221;lg&#8221; align=&#8221;center&#8221; button_block=&#8221;true&#8221; link=&#8221;url:https%3A%2F%2Freservations.verticalbooking.com%2Freservations%2Findex.html%3Flingua_int%3Desp%26id_stile%3D13265%26id_albergo%3D17502%26dc%3D4515|target:_blank&#8221;][/vc_column][/vc_row]</p>

<p>[vc_row parallax=&#8221;&#8221; parallax_image=&#8221;&#8221;][vc_column column_align=&#8221;&#8221; column_style=&#8221;&#8221; animation=&#8221;&#8221;][vc_empty_space][vc_column_text] Ofertes [/vc_column_text][vc_empty_space][vc_separator color=&#8221;black&#8221; style=&#8221;dotted&#8221;][vc_empty_space][/vc_column][/vc_row][vc_row][vc_column width=&#8221;1/3&#8243;][vc_single_image image=&#8221;7441&#8243; img_size=&#8221;175&#215;120&#8243; alignment=&#8221;center&#8221; css=&#8221;.vc_custom_1665049104015{margin-right: 10px !important;margin-bottom: 10px !important;margin-left: 10px !important;}&#8221;][vc_empty_space height=&#8221;10px&#8221;][vc_column_text] Reserva anticipada Early Bird [/vc_column_text][vc_empty_space height=&#8221;15px&#8221;][vc_column_text] Planificar amb antelació té avantatges! Reserveu amb un mínim de 30 dies d&#8217;antelació i podreu optar a un 5% de descompte. Durant la pandèmia per Covid-19, aquesta [&hellip;]</p>
