{"id":3518,"date":"2016-06-27T12:30:18","date_gmt":"2016-06-27T12:30:18","guid":{"rendered":"http:\/\/www.hotelpaseodegracia.es\/?page_id=3518"},"modified":"2019-09-09T11:43:51","modified_gmt":"2019-09-09T11:43:51","slug":"habitacio-familiar","status":"publish","type":"page","link":"https:\/\/www.hotelpaseodegracia.es\/ca\/habitacions\/habitacio-familiar\/","title":{"rendered":"Habitaci\u00f3 Familiar"},"content":{"rendered":"<p>[vc_row][vc_column][vc_empty_space][\/vc_column][\/vc_row][vc_row parallax=&#8221;&#8221; parallax_image=&#8221;&#8221;][vc_column width=&#8221;1\/2&#8243; column_align=&#8221;&#8221; column_style=&#8221;&#8221; animation=&#8221;&#8221;][vc_column_text css=&#8221;.vc_custom_1478614412713{padding-bottom: 20px !important;}&#8221;]<\/p>\n<h2>Habitaci\u00f3 Familiar<\/h2>\n<p><span id=\"result_box\" class=\"\" lang=\"ca\"><span class=\"\">Tenim <\/span>habitacions grans que tenen capacitat per a 4 persones. S\u00f3n ideals <span class=\"\">per a aquelles<\/span> <span class=\"\">persones que<\/span> viatgen en fam\u00edlia o amb un grup redu\u00eft. Barcelona \u00e9s una ciutat ideal per venir <span class=\"\">amb<\/span> la fam\u00edlia<span class=\"\">, aix\u00ed que aquesta<\/span> \u00e9s la vostra habitaci\u00f3 <span class=\"\">familiar.<\/span><\/span>[\/vc_column_text]<a target=\"_blank\" href=\"https:\/\/reservations.verticalbooking.com\/reservations\/index.html?lingua_int=cat&#038;id_stile=13265&#038;id_albergo=17502&#038;dc=4515\" class=\"ww-button sf-button medium black squarearrow  \"><span>Reserva la teva habitaci\u00f3 familiar a Barcelona<\/span><span class=\"arrow\"><\/span><\/a>[\/vc_column][vc_column width=&#8221;1\/2&#8243; column_align=&#8221;&#8221; column_style=&#8221;&#8221; animation=&#8221;&#8221;][vc_column_text]<\/p>\n<h2>Serveis<\/h2>\n<ul>\n<li>Bany complet privat<\/li>\n<li>Tovalloles i llen\u00e7ols inclosos<\/li>\n<li>Pack ammenities b\u00e0sic<\/li>\n<li>Servei de neteja diari<\/li>\n<li>Calefacci\u00f3 i aire condicionat<\/li>\n<li>Tel\u00e8fon directe<\/li>\n<li>Televisi\u00f3 de pantalla plana<\/li>\n<li>Capacitat fins a 4 persones<\/li>\n<\/ul>\n<p>[\/vc_column_text][\/vc_column][\/vc_row][vc_row padding_top=&#8221;30&#8243;][vc_column column_align=&#8221;&#8221; column_style=&#8221;&#8221; animation=&#8221;&#8221;][vc_empty_space height=&#8221;25px&#8221;][vc_text_separator title=&#8221;Imatges de l&#8217;habitaci\u00f3 familiar&#8221; color=&#8221;black&#8221; el_class=&#8221;h4&#8243;][vc_empty_space height=&#8221;15px&#8221;][\/vc_column][\/vc_row][vc_row type=&#8221;ww-custom&#8221; background_color=&#8221;#878787&#8243; padding_top=&#8221;0&#8243;][vc_column column_align=&#8221;&#8221; column_style=&#8221;&#8221; animation=&#8221;&#8221; css=&#8221;.vc_custom_1478614496612{background-color: #000000 !important;}&#8221;][vc_images_carousel images=&#8221;6615,6597,6600,6603,6606,6609,6612,6901&#8243; img_size=&#8221;1400&#8243; slides_per_view=&#8221;3&#8243; hide_pagination_control=&#8221;yes&#8221; wrap=&#8221;yes&#8221; css=&#8221;.vc_custom_1568029419714{margin-top: 10px !important;margin-bottom: 10px !important;padding-top: 10px !important;padding-bottom: 10px !important;}&#8221;][\/vc_column][\/vc_row][vc_row][vc_column][vc_empty_space][\/vc_column][\/vc_row]<\/p>\n","protected":false},"excerpt":{"rendered":"<p>[vc_row][vc_column][vc_empty_space][\/vc_column][\/vc_row][vc_row parallax=&#8221;&#8221; parallax_image=&#8221;&#8221;][vc_column width=&#8221;1\/2&#8243; column_align=&#8221;&#8221; column_style=&#8221;&#8221; animation=&#8221;&#8221;][vc_column_text css=&#8221;.vc_custom_1478614412713{padding-bottom: 20px !important;}&#8221;] Habitaci\u00f3 Familiar Tenim habitacions grans que tenen capacitat per a 4 persones. S\u00f3n ideals per a aquelles persones que viatgen en fam\u00edlia o amb un grup redu\u00eft. Barcelona \u00e9s una ciutat ideal per venir amb la fam\u00edlia, aix\u00ed que aquesta \u00e9s la vostra habitaci\u00f3 familiar.[\/vc_column_text][\/vc_column][vc_column [&hellip;]<\/p>\n","protected":false},"author":1,"featured_media":0,"parent":3517,"menu_order":0,"comment_status":"closed","ping_status":"open","template":"","meta":[],"_links":{"self":[{"href":"https:\/\/www.hotelpaseodegracia.es\/ca\/wp-json\/wp\/v2\/pages\/3518"}],"collection":[{"href":"https:\/\/www.hotelpaseodegracia.es\/ca\/wp-json\/wp\/v2\/pages"}],"about":[{"href":"https:\/\/www.hotelpaseodegracia.es\/ca\/wp-json\/wp\/v2\/types\/page"}],"author":[{"embeddable":true,"href":"https:\/\/www.hotelpaseodegracia.es\/ca\/wp-json\/wp\/v2\/users\/1"}],"replies":[{"embeddable":true,"href":"https:\/\/www.hotelpaseodegracia.es\/ca\/wp-json\/wp\/v2\/comments?post=3518"}],"version-history":[{"count":5,"href":"https:\/\/www.hotelpaseodegracia.es\/ca\/wp-json\/wp\/v2\/pages\/3518\/revisions"}],"predecessor-version":[{"id":6938,"href":"https:\/\/www.hotelpaseodegracia.es\/ca\/wp-json\/wp\/v2\/pages\/3518\/revisions\/6938"}],"up":[{"embeddable":true,"href":"https:\/\/www.hotelpaseodegracia.es\/ca\/wp-json\/wp\/v2\/pages\/3517"}],"wp:attachment":[{"href":"https:\/\/www.hotelpaseodegracia.es\/ca\/wp-json\/wp\/v2\/media?parent=3518"}],"curies":[{"name":"wp","href":"https:\/\/api.w.org\/{rel}","templated":true}]}}

Habitació Familiar

<p>[vc_row][vc_column][vc_empty_space][/vc_column][/vc_row][vc_row parallax=&#8221;&#8221; parallax_image=&#8221;&#8221;][vc_column width=&#8221;1/2&#8243; column_align=&#8221;&#8221; column_style=&#8221;&#8221; animation=&#8221;&#8221;][vc_column_text css=&#8221;.vc_custom_1478614412713{padding-bottom: 20px !important;}&#8221;]</p>
<h2>Habitació Familiar</h2>
<p><span id="result_box" class="" lang="ca"><span class="">Tenim </span>habitacions grans que tenen capacitat per a 4 persones. Són ideals <span class="">per a aquelles</span> <span class="">persones que</span> viatgen en família o amb un grup reduït. Barcelona és una ciutat ideal per venir <span class="">amb</span> la família<span class="">, així que aquesta</span> és la vostra habitació <span class="">familiar.</span></span>[/vc_column_text]<a target="_blank" href="https://reservations.verticalbooking.com/reservations/index.html?lingua_int=cat&#038;id_stile=13265&#038;id_albergo=17502&#038;dc=4515" class="ww-button sf-button medium black squarearrow  "><span>Reserva la teva habitació familiar a Barcelona</span><span class="arrow"></span></a>[/vc_column][vc_column width=&#8221;1/2&#8243; column_align=&#8221;&#8221; column_style=&#8221;&#8221; animation=&#8221;&#8221;][vc_column_text]</p>
<h2>Serveis</h2>
<ul>
<li>Bany complet privat</li>
<li>Tovalloles i llençols inclosos</li>
<li>Pack ammenities bàsic</li>
<li>Servei de neteja diari</li>
<li>Calefacció i aire condicionat</li>
<li>Telèfon directe</li>
<li>Televisió de pantalla plana</li>
<li>Capacitat fins a 4 persones</li>
</ul>
<p>[/vc_column_text][/vc_column][/vc_row][vc_row padding_top=&#8221;30&#8243;][vc_column column_align=&#8221;&#8221; column_style=&#8221;&#8221; animation=&#8221;&#8221;][vc_empty_space height=&#8221;25px&#8221;][vc_text_separator title=&#8221;Imatges de l&#8217;habitació familiar&#8221; color=&#8221;black&#8221; el_class=&#8221;h4&#8243;][vc_empty_space height=&#8221;15px&#8221;][/vc_column][/vc_row][vc_row type=&#8221;ww-custom&#8221; background_color=&#8221;#878787&#8243; padding_top=&#8221;0&#8243;][vc_column column_align=&#8221;&#8221; column_style=&#8221;&#8221; animation=&#8221;&#8221; css=&#8221;.vc_custom_1478614496612{background-color: #000000 !important;}&#8221;][vc_images_carousel images=&#8221;6615,6597,6600,6603,6606,6609,6612,6901&#8243; img_size=&#8221;1400&#8243; slides_per_view=&#8221;3&#8243; hide_pagination_control=&#8221;yes&#8221; wrap=&#8221;yes&#8221; css=&#8221;.vc_custom_1568029419714{margin-top: 10px !important;margin-bottom: 10px !important;padding-top: 10px !important;padding-bottom: 10px !important;}&#8221;][/vc_column][/vc_row][vc_row][vc_column][vc_empty_space][/vc_column][/vc_row]</p>

<p>[vc_row][vc_column][vc_empty_space][/vc_column][/vc_row][vc_row parallax=&#8221;&#8221; parallax_image=&#8221;&#8221;][vc_column width=&#8221;1/2&#8243; column_align=&#8221;&#8221; column_style=&#8221;&#8221; animation=&#8221;&#8221;][vc_column_text css=&#8221;.vc_custom_1478614412713{padding-bottom: 20px !important;}&#8221;] Habitació Familiar Tenim habitacions grans que tenen capacitat per a 4 persones. Són ideals per a aquelles persones que viatgen en família o amb un grup reduït. Barcelona és una ciutat ideal per venir amb la família, així que aquesta és la vostra habitació familiar.[/vc_column_text][/vc_column][vc_column [&hellip;]</p>
