{"id":3509,"date":"2016-06-27T12:26:44","date_gmt":"2016-06-27T12:26:44","guid":{"rendered":"http:\/\/www.hotelpaseodegracia.es\/?page_id=3509"},"modified":"2025-04-24T12:36:14","modified_gmt":"2025-04-24T12:36:14","slug":"hotel","status":"publish","type":"page","link":"https:\/\/www.hotelpaseodegracia.es\/ca\/hotel\/","title":{"rendered":"Hotel"},"content":{"rendered":"<p>[vc_row parallax=&#8221;&#8221; parallax_image=&#8221;&#8221;][vc_column column_align=&#8221;&#8221; column_style=&#8221;&#8221; animation=&#8221;&#8221;][vc_empty_space][\/vc_column][\/vc_row][vc_row parallax=&#8221;&#8221; parallax_image=&#8221;&#8221;][vc_column width=&#8221;1\/4&#8243; column_align=&#8221;&#8221; column_style=&#8221;&#8221; animation=&#8221;&#8221;][vc_column_text]<\/p>\n<h2>Zona Comunit\u00e0ria<\/h2>\n<div class=\"wpb_text_column wpb_content_element \">\n<div class=\"wpb_wrapper\">\n<p><span id=\"result_box\" class=\"\" lang=\"ca\">A l\u2019Hotel Paseo de Gracia <span class=\"\">posem a la teva<\/span> disposici\u00f3 una zona comunit\u00e0ria molt agradable, amb vistes directes al Passeig de Gr\u00e0cia:<\/span>:<\/p>\n<ul>\n<li>Ordinador p\u00fablic per a tots els clients amb internet<\/li>\n<li>Zona de treball<\/li>\n<li>M\u00e0quines de vending<\/li>\n<li>Zona Wifi (a tot l\u2019hotel)<\/li>\n<li>Balc\u00f3<\/li>\n<\/ul>\n<\/div>\n<\/div>\n<p>[\/vc_column_text][\/vc_column][vc_column width=&#8221;3\/4&#8243; column_align=&#8221;&#8221; column_style=&#8221;&#8221; animation=&#8221;&#8221;][vc_masonry_media_grid element_width=&#8221;6&#8243; grid_id=&#8221;vc_gid:1745497936132-417238b5-4f36-0&#8243; include=&#8221;5587,6162,5772,5593&#8243;][\/vc_column][\/vc_row][vc_row][vc_column][vc_empty_space][vc_empty_space height=&#8221;15px&#8221;][\/vc_column][\/vc_row][vc_row][vc_column][vc_column_text css=&#8221;.vc_custom_1745498023478{padding-top: 10px !important;padding-bottom: 10px !important;background-color: #000000 !important;}&#8221;]<\/p>\n<h3 style=\"text-align: center;\"><span style=\"color: #ffffff;\">Esmorzar Continental Buffet<\/span><\/h3>\n<p>[\/vc_column_text][vc_empty_space height=&#8221;25px&#8221;][vc_row_inner][vc_column_inner width=&#8221;1\/2&#8243;][vc_images_carousel images=&#8221;7681,7673,7677&#8243; img_size=&#8221;1500&#8243; onclick=&#8221;link_no&#8221; autoplay=&#8221;yes&#8221; wrap=&#8221;yes&#8221;][vc_empty_space height=&#8221;12px&#8221;][vc_column_text]<strong>Servit a la 2a planta, de 8:00 a 11:00 h.<\/strong>[\/vc_column_text][\/vc_column_inner][vc_column_inner width=&#8221;1\/2&#8243;][vc_empty_space height=&#8221;12px&#8221;][vc_column_text]<strong>Oferim un senzill per\u00f2 complet esmorzar buffet d&#8217;estil continental per comen\u00e7ar la jornada amb energia.<\/strong><\/p>\n<ul>\n<li>Sucs<\/li>\n<li>Te i caf\u00e8<\/li>\n<li>Croissants i pastes<\/li>\n<li>Formatges i embotits<\/li>\n<li>Cereals<\/li>\n<li>Ous durs<\/li>\n<li>Fruita fresca pelada<\/li>\n<li>Past\u00eds<\/li>\n<li>Iogurt<br \/>\n&#8230;I molt m\u00e9s! Descobreix-ho!<\/li>\n<\/ul>\n<p><strong>PREU<\/strong>: 10,00 \u20ac per persona\/nit[\/vc_column_text][\/vc_column_inner][\/vc_row_inner][\/vc_column][\/vc_row][vc_row parallax=&#8221;&#8221; parallax_image=&#8221;&#8221;][vc_column column_align=&#8221;&#8221; column_style=&#8221;&#8221; animation=&#8221;&#8221;][vc_empty_space height=&#8221;45px&#8221;][vc_column_text]<\/p>\n<h2>Recepci\u00f3<\/h2>\n<p>El nostre personal de Recepci\u00f3 us rebr\u00e0 atentament, s\u00f3n persones formades i multiling\u00fces, disposades a ajudar-vos en tot el que pugueu necessitar.<br \/>\nCheck-in a partir de les 14:00 h.[\/vc_column_text][vc_empty_space height=&#8221;15px&#8221;][\/vc_column][\/vc_row][vc_row parallax=&#8221;&#8221; parallax_image=&#8221;&#8221;][vc_column width=&#8221;1\/3&#8243; column_align=&#8221;&#8221; column_style=&#8221;&#8221; animation=&#8221;&#8221;][vc_single_image image=&#8221;5569&#8243; img_size=&#8221;full&#8221;][\/vc_column][vc_column width=&#8221;1\/3&#8243; column_align=&#8221;&#8221; column_style=&#8221;&#8221; animation=&#8221;&#8221;][vc_single_image image=&#8221;5572&#8243; img_size=&#8221;full&#8221;][\/vc_column][vc_column width=&#8221;1\/3&#8243; column_align=&#8221;&#8221; column_style=&#8221;&#8221; animation=&#8221;&#8221;][vc_single_image image=&#8221;6171&#8243; img_size=&#8221;full&#8221;][\/vc_column][\/vc_row][vc_row parallax=&#8221;&#8221; parallax_image=&#8221;&#8221;][vc_column column_align=&#8221;&#8221; column_style=&#8221;&#8221; animation=&#8221;&#8221;][vc_empty_space][vc_btn title=&#8221;Reserva ara!&#8221; style=&#8221;classic&#8221; shape=&#8221;square&#8221; color=&#8221;black&#8221; align=&#8221;center&#8221; link=&#8221;url:https%3A%2F%2Freservations.verticalbooking.com%2Freservations%2Findex.html%3Flingua_int%3Dcat%26id_stile%3D13265%26id_albergo%3D17502%26dc%3D4515|target:_blank&#8221;][\/vc_column][\/vc_row]<\/p>\n","protected":false},"excerpt":{"rendered":"<p>[vc_row parallax=&#8221;&#8221; parallax_image=&#8221;&#8221;][vc_column column_align=&#8221;&#8221; column_style=&#8221;&#8221; animation=&#8221;&#8221;][vc_empty_space][\/vc_column][\/vc_row][vc_row parallax=&#8221;&#8221; parallax_image=&#8221;&#8221;][vc_column width=&#8221;1\/4&#8243; column_align=&#8221;&#8221; column_style=&#8221;&#8221; animation=&#8221;&#8221;][vc_column_text] Zona Comunit\u00e0ria A l\u2019Hotel Paseo de Gracia posem a la teva disposici\u00f3 una zona comunit\u00e0ria molt agradable, amb vistes directes al Passeig de Gr\u00e0cia:: Ordinador p\u00fablic per a tots els clients amb internet Zona de treball M\u00e0quines de vending Zona Wifi (a tot [&hellip;]<\/p>\n","protected":false},"author":1,"featured_media":0,"parent":0,"menu_order":0,"comment_status":"closed","ping_status":"open","template":"","meta":[],"_links":{"self":[{"href":"https:\/\/www.hotelpaseodegracia.es\/ca\/wp-json\/wp\/v2\/pages\/3509"}],"collection":[{"href":"https:\/\/www.hotelpaseodegracia.es\/ca\/wp-json\/wp\/v2\/pages"}],"about":[{"href":"https:\/\/www.hotelpaseodegracia.es\/ca\/wp-json\/wp\/v2\/types\/page"}],"author":[{"embeddable":true,"href":"https:\/\/www.hotelpaseodegracia.es\/ca\/wp-json\/wp\/v2\/users\/1"}],"replies":[{"embeddable":true,"href":"https:\/\/www.hotelpaseodegracia.es\/ca\/wp-json\/wp\/v2\/comments?post=3509"}],"version-history":[{"count":15,"href":"https:\/\/www.hotelpaseodegracia.es\/ca\/wp-json\/wp\/v2\/pages\/3509\/revisions"}],"predecessor-version":[{"id":7855,"href":"https:\/\/www.hotelpaseodegracia.es\/ca\/wp-json\/wp\/v2\/pages\/3509\/revisions\/7855"}],"wp:attachment":[{"href":"https:\/\/www.hotelpaseodegracia.es\/ca\/wp-json\/wp\/v2\/media?parent=3509"}],"curies":[{"name":"wp","href":"https:\/\/api.w.org\/{rel}","templated":true}]}}

<p>[vc_row parallax=&#8221;&#8221; parallax_image=&#8221;&#8221;][vc_column column_align=&#8221;&#8221; column_style=&#8221;&#8221; animation=&#8221;&#8221;][vc_empty_space][/vc_column][/vc_row][vc_row parallax=&#8221;&#8221; parallax_image=&#8221;&#8221;][vc_column width=&#8221;1/4&#8243; column_align=&#8221;&#8221; column_style=&#8221;&#8221; animation=&#8221;&#8221;][vc_column_text]</p>
<h2>Zona Comunitària</h2>
<div class="wpb_text_column wpb_content_element ">
<div class="wpb_wrapper">
<p><span id="result_box" class="" lang="ca">A l’Hotel Paseo de Gracia <span class="">posem a la teva</span> disposició una zona comunitària molt agradable, amb vistes directes al Passeig de Gràcia:</span>:</p>
<ul>
<li>Ordinador públic per a tots els clients amb internet</li>
<li>Zona de treball</li>
<li>Màquines de vending</li>
<li>Zona Wifi (a tot l’hotel)</li>
<li>Balcó</li>
</ul>
</div>
</div>
<p>[/vc_column_text][/vc_column][vc_column width=&#8221;3/4&#8243; column_align=&#8221;&#8221; column_style=&#8221;&#8221; animation=&#8221;&#8221;][vc_masonry_media_grid element_width=&#8221;6&#8243; grid_id=&#8221;vc_gid:1745497936132-417238b5-4f36-0&#8243; include=&#8221;5587,6162,5772,5593&#8243;][/vc_column][/vc_row][vc_row][vc_column][vc_empty_space][vc_empty_space height=&#8221;15px&#8221;][/vc_column][/vc_row][vc_row][vc_column][vc_column_text css=&#8221;.vc_custom_1745498023478{padding-top: 10px !important;padding-bottom: 10px !important;background-color: #000000 !important;}&#8221;]</p>
<h3 style="text-align: center;"><span style="color: #ffffff;">Esmorzar Continental Buffet</span></h3>
<p>[/vc_column_text][vc_empty_space height=&#8221;25px&#8221;][vc_row_inner][vc_column_inner width=&#8221;1/2&#8243;][vc_images_carousel images=&#8221;7681,7673,7677&#8243; img_size=&#8221;1500&#8243; onclick=&#8221;link_no&#8221; autoplay=&#8221;yes&#8221; wrap=&#8221;yes&#8221;][vc_empty_space height=&#8221;12px&#8221;][vc_column_text]<strong>Servit a la 2a planta, de 8:00 a 11:00 h.</strong>[/vc_column_text][/vc_column_inner][vc_column_inner width=&#8221;1/2&#8243;][vc_empty_space height=&#8221;12px&#8221;][vc_column_text]<strong>Oferim un senzill però complet esmorzar buffet d&#8217;estil continental per començar la jornada amb energia.</strong></p>
<ul>
<li>Sucs</li>
<li>Te i cafè</li>
<li>Croissants i pastes</li>
<li>Formatges i embotits</li>
<li>Cereals</li>
<li>Ous durs</li>
<li>Fruita fresca pelada</li>
<li>Pastís</li>
<li>Iogurt<br />
&#8230;I molt més! Descobreix-ho!</li>
</ul>
<p><strong>PREU</strong>: 10,00 € per persona/nit[/vc_column_text][/vc_column_inner][/vc_row_inner][/vc_column][/vc_row][vc_row parallax=&#8221;&#8221; parallax_image=&#8221;&#8221;][vc_column column_align=&#8221;&#8221; column_style=&#8221;&#8221; animation=&#8221;&#8221;][vc_empty_space height=&#8221;45px&#8221;][vc_column_text]</p>
<h2>Recepció</h2>
<p>El nostre personal de Recepció us rebrà atentament, són persones formades i multilingües, disposades a ajudar-vos en tot el que pugueu necessitar.<br />
Check-in a partir de les 14:00 h.[/vc_column_text][vc_empty_space height=&#8221;15px&#8221;][/vc_column][/vc_row][vc_row parallax=&#8221;&#8221; parallax_image=&#8221;&#8221;][vc_column width=&#8221;1/3&#8243; column_align=&#8221;&#8221; column_style=&#8221;&#8221; animation=&#8221;&#8221;][vc_single_image image=&#8221;5569&#8243; img_size=&#8221;full&#8221;][/vc_column][vc_column width=&#8221;1/3&#8243; column_align=&#8221;&#8221; column_style=&#8221;&#8221; animation=&#8221;&#8221;][vc_single_image image=&#8221;5572&#8243; img_size=&#8221;full&#8221;][/vc_column][vc_column width=&#8221;1/3&#8243; column_align=&#8221;&#8221; column_style=&#8221;&#8221; animation=&#8221;&#8221;][vc_single_image image=&#8221;6171&#8243; img_size=&#8221;full&#8221;][/vc_column][/vc_row][vc_row parallax=&#8221;&#8221; parallax_image=&#8221;&#8221;][vc_column column_align=&#8221;&#8221; column_style=&#8221;&#8221; animation=&#8221;&#8221;][vc_empty_space][vc_btn title=&#8221;Reserva ara!&#8221; style=&#8221;classic&#8221; shape=&#8221;square&#8221; color=&#8221;black&#8221; align=&#8221;center&#8221; link=&#8221;url:https%3A%2F%2Freservations.verticalbooking.com%2Freservations%2Findex.html%3Flingua_int%3Dcat%26id_stile%3D13265%26id_albergo%3D17502%26dc%3D4515|target:_blank&#8221;][/vc_column][/vc_row]</p>

<p>[vc_row parallax=&#8221;&#8221; parallax_image=&#8221;&#8221;][vc_column column_align=&#8221;&#8221; column_style=&#8221;&#8221; animation=&#8221;&#8221;][vc_empty_space][/vc_column][/vc_row][vc_row parallax=&#8221;&#8221; parallax_image=&#8221;&#8221;][vc_column width=&#8221;1/4&#8243; column_align=&#8221;&#8221; column_style=&#8221;&#8221; animation=&#8221;&#8221;][vc_column_text] Zona Comunitària A l’Hotel Paseo de Gracia posem a la teva disposició una zona comunitària molt agradable, amb vistes directes al Passeig de Gràcia:: Ordinador públic per a tots els clients amb internet Zona de treball Màquines de vending Zona Wifi (a tot [&hellip;]</p>
